ne s(m).
16
Let w(u) = -4*u**3 + 8*u**2 - 10*u - 4. Let a(g) = 5*g**3 - 9*g**2 + 11*g + 4. Let m(b) = 5*a(b) + 6*w(b). What is m(-3)?
11
Suppose -2*u = -4*u + 10. Let f = 27 - u. Suppose 0 = 3*l - 5*y + f, 0*l = -2*l + 3*y - 14. Let i(k) = -k**3 - 4*k**2 - 2. Give i(l).
-2
Suppose -i + 2*k = -11, 6*i - 4*i - 7 = k. Let m(q) = 2*q + q - i + 1. What is m(2)?
6
Suppose z + 2*z = 6. Suppose 0 = z*v - 0*v. Let a(s) = 5*s**2 + s**3 + v*s**3 - 3 + 0 - s**2. Determine a(-4).
-3
Let f(b) = -5*b - 12. Let p(r) = -r - 1. Let c(i) = f(i) - 4*p(i). What is c(-5)?
-3
Let p = 3 - 2. Let t(n) = -n**2 + n + 7. Let b(v) = v. Let k(f) = p*t(f) + 2*b(f). Suppose 14 = 4*u - 6. Determine k(u).
-3
Let j(g) = 4*g - 11 + 5*g - 3*g - 5*g. Let l be 3*5*(-1)/(-3). Calculate j(l).
-6
Let g(m) = -19*m**2 + 9*m - 7 + 35*m**2 - 15*m**2. Calculate g(-9).
-7
Let x(s) = -5*s + 3*s**3 - 4 - 2*s**3 + 1 - 5*s**2. Let k be 5*(24/20)/1. Calculate x(k).
3
Let y(q) be the first derivative of q**3/3 + 3*q**2 - 3*q - 4. Give y(-7).
4
Let j = 1 - 2. Let f(y) be the third derivative of -1/6*y**3 + 2*y**2 - 1/24*y**4 + 0*y + 0. What is f(j)?
0
Let k(z) = z**2 - 11*z + 15. Suppose x = n - 14, -4*n + 3*n = -5*x - 30. Determine k(n).
5
Let v(w) = w**3 + 1 + 5 - 4*w**2 - w - w. Let m = 57 + -53. Determine v(m).
-2
Let p(d) = 9*d**3 - 19*d**2 - 4*d - 11. Let i(q) = 5*q**3 - 10*q**2 - 2*q - 6. Let g be 3 + -1*12/(-4). Let f(c) = g*p(c) - 11*i(c). Give f(-4).
8
Suppose 3*x = -3 - 3. Let y(q) = q + 1. Calculate y(x).
-1
Suppose -y - 16 = -3*y + 5*d, -4 = 2*d. Let h(u) = -y + 0*u + 5 - 2*u. Let k be (42/70)/((-6)/(-20)). Calculate h(k).
-2
Let a be (-10)/15*(-5 - -2). Let g(i) = 4*i + 7 - 2*i**2 - 11 + 3*i**a. Give g(-5).
1
Let t(g) = 8*g**3 + 2*g**2 - 1. Let u be (-2)/(-18)*3*-3. What is t(u)?
-7
Let v(x) be the second derivative of -x**8/2240 + x**7/2520 + x**6/360 + x**5/120 + 7*x**4/12 + 4*x. Let m(j) be the third derivative of v(j). What is m(2)?
-15
Let p(u) = u + 5. Let y = 4 - 4. Suppose j = -y*j - 4. What is p(j)?
1
Let f(i) = -2*i. Let j be f(-1). Let d(b) = -3*b**2 - 3 - 3*b + 2*b**j + 9*b. Calculate d(3).
6
Let i be ((-1)/1)/(-1) + 1. Let b be i*(-1 + (-1)/(-2)). Let v(f) = -7*f - 11. Let h(m) = -3*m - 5. Let y(u) = -13*h(u) + 6*v(u). Calculate y(b).
2
Let h(u) = 1 + 5*u + 1 + 8*u**2 - 4 - 9*u**2. Determine h(6).
-8
Let t be 76/18 + (-6)/27. Suppose -4*p = -t, 0 = -5*a + 2*a - 2*p + 8. Let k(u) = -6*u**a - 3 - 7*u - u**3 - u + 3*u. Calculate k(-5).
-3
Let s(f) = -11*f - 35. Let v(w) = 13*w**2 - 2*w + 2. Let c be v(1). Let t(a) = -5*a - 17. Let k(h) = c*t(h) - 6*s(h). Determine k(6).
-5
Let g(b) = -14*b. Let w(z) = -13*z. Let l(o) = 6*g(o) - 7*w(o). Calculate l(-1).
-7
Let d be 10/(-55) + 168/(-44). Let c(y) = -y**3 - 4*y**2 - y + 2. Calculate c(d).
6
Let z(m) = m**3 - m**2 - 2*m - 2. Let x(f) = f + 3. Let n be x(-5). Determine z(n).
-10
Let r(l) = 6 - 2*l + 0*l + l + 6. Give r(5).
7
Let k(b) = b**2 - b - 1. Let f = 12 - 7. Suppose -f*j + 7 + 23 = 0. Let h be -1 + (j - 1 - 2). Give k(h).
1
Let p(t) = -3*t + 4*t + 0*t**2 + 5 + t**2. Let n(s) be the second derivative of s**5/20 + s**4/2 + 2*s**3/3 - 5*s**2/2 - s. Let k be n(-5). Calculate p(k).
5
Let g(n) = -n**3 - 7*n**2 - 7*n - 6. Let d be g(-6). Suppose -4*r - 4*t + 16 = d, 5*r + t - 12 = 2*r. Let b(i) = -2*i + r*i + i - 2*i**2 - 1. Give b(2).
-3
Suppose c - 40 = -3*g, -4*g - 143 = c - 6*c. Suppose -3*w = -c + 10. Let y(m) = m**2 - 8*m + 9. Let k be y(w). Let r(q) = q**2 - 2*q. What is r(k)?
0
Let z be (4 + 4/(-2))*-1. Let d(s) = -4 - 2 + 0 + s. Let k(v) = v - 5. Let j(i) = -5*d(i) + 6*k(i). Give j(z).
-2
Suppose -a + 7 = 2*k, -k + 8 = -5*a - 1. Let n = k - 1. Suppose z + 8 = -n*z. Let m(b) = -b - 2. Determine m(z).
0
Suppose 4*m - 2 = -j + 3*j, 0 = j + 4*m - 11. Let d(b) be the third derivative of -b**6/120 + b**5/20 - b**4/8 + b**3/6 + 8*b**2. What is d(j)?
-8
Let g(v) be the second derivative of -v**4/12 - v**3/3 - 12*v. Calculate g(-2).
0
Let g(j) = 10*j**3 + 13*j**2 - 10*j - 1. Let b(a) = 7*a**3 + 9*a**2 - 7*a - 1. Let s(h) = 7*b(h) - 5*g(h). Calculate s(-3).
4
Let l = 8 + 6. Let s(h) = -25 + l - 8*h + 12. Calculate s(1).
-7
Let i(b) be the second derivative of -b**5/5 - b**4/12 - 2*b. Let z be 2/2*((8 - 0) + -7). Determine i(z).
-5
Let y(z) be the third derivative of z**7/5040 - z**6/180 - z**5/10 + 6*z**2. Let b(v) be the third derivative of y(v). Determine b(-3).
-7
Suppose 72*w - 74*w - 6 = 0. Let s(d) = 3*d**2 - d + 2. Let n(x) = -x**2 + x - 1. Let g(y) = -2*n(y) - s(y). Calculate g(w).
-6
Let p = 22 - 14. Let n = p - 3. Suppose 4*b + 5*a + 25 = 0, -n*b - 6 = -3*b - 4*a. Let r(f) = f**3 + 4*f**2 - 6*f - 6. Calculate r(b).
-1
Let k(x) = x**2 + x - 6. Let a(o) be the second derivative of o**5/20 + 5*o**4/12 + o**3/6 + 3*o. Let g be a(-5). Give k(g).
14
Let a(n) = 4*n + 1. Let x(g) = -5*g - 1. Let y(b) = -3*a(b) - 2*x(b). Suppose -2*i + 1 = 13. Give y(i).
11
Let m be ((-2)/(-6))/(-1)*-6. Suppose -4 = -8*n + 4*n. Let f(i) = -i**2 + 2*i**m + i**3 + 0 - n - i. What is f(2)?
9
Suppose 0 = -4*q - 0*q + 4. Suppose -r = -2 - 0. Let w(i) = -i - r*i - q + i. What is w(2)?
-5
Let s be (-255)/(-68) - (-1)/4. Let r(m) = m**2 - 2*m. Give r(s).
8
Let d(k) = 6*k + k**3 - k - 3 + 2*k**2 + 4*k**2. Suppose 3*r + 7*f - 8 = 2*f, -2*f = -2*r - 16. Give d(r).
9
Suppose -2*w - 11 = 1. Let s(i) = i**3 + 6*i**2 + 2*i + 8. What is s(w)?
-4
Let x(c) = 5*c**3 - 1 + 3*c**2 - 3*c**2 + 2*c**2. Give x(-1).
-4
Let i(m) = -30*m**2 + 5*m + 2. Let x(g) = -45*g**2 + 7*g + 3. Let c(y) = 7*i(y) - 5*x(y). Let f be (-98)/6 + (-3)/(-9). Let t = -15 - f. Determine c(t).
14
Let x(m) = 2 - 8 - 3*m + 0*m + 4*m. Determine x(3).
-3
Suppose -4 - 2 = -u. Let h(m) = -u - 5*m + 4 + 4*m. Let k be 3 + 0/(-2*2). Determine h(k).
-5
Suppose 4*j - t = 6, 22 - 6 = 5*j + 3*t. Let i(u) = -u**3 + 3*u**2 - 2*u + 2. Determine i(j).
2
Let y be 3/((-3)/(-7)) - 3. Suppose 4*p + 0*p = y. Let u(b) = -11*b**3 + 2*b**2 - b. What is u(p)?
-10
Let o = 91 - 89. Let r(m) = -m**3 + 2*m**2 - 2*m + 1. Determine r(o).
-3
Suppose -j - 10 = -2*h + 3*j, 0 = -5*h + 2*j + 25. Let y(a) = a - 1. What is y(h)?
4
Let v(j) = -j**3 - 5*j**2 + 2*j + 6*j - 5 + 0*j**3 + 12. What is v(-6)?
-5
Let a(x) = -x**2 + 3*x - 1 - 1 + x**3 - 5*x**2 - 1. Let h(o) = -o - 1. Let l(d) = 6*d**2 + 4*d + 7. Let w(s) = 6*h(s) + l(s). Let q be w(1). What is a(q)?
-13
Let f(o) = -6*o + 1. Let m = 5 + -8. Give f(m).
19
Let f(w) = 2*w**3 - 3*w**2 + w - 2. Suppose -2*n + 9 = -z, 0 = 5*n - 4*z + z - 25. Give f(n).
4
Let b(x) = -2*x + 1. Suppose -6*m = -9*m + 9. Let p be b(m). Let i(n) = -6*n - 14. Let q(y) = -3*y - 7. Let w(t) = 2*i(t) - 5*q(t). What is w(p)?
-8
Let x(y) be the third derivative of -13*y**4/24 + y**3/6 - 5*y**2. Calculate x(1).
-12
Suppose 2*m = 3*m. Let g = m - 5. Let a(h) be the second derivative of -h**4/12 - h**3 + h**2 - h. Calculate a(g).
7
Suppose -6*i + i + 45 = 0. Let r = 8 - i. Let v(g) = -2*g**3 - g**2 - 2*g - 1. Give v(r).
2
Let f be 2 - (-3)/2*-2. Let h(y) be the second derivative of -y**5/20 - y**3/6 - y**2/2 - y - 7. Calculate h(f).
1
Let u(o) = o**3 + 6*o**2 + 5*o + 5. Let f = -26 + 21. Calculate u(f).
5
Let d(v) = -2*v**3 - 3*v**2 + v - 5. Let s(y) = y + 2 - 2*y + y**3 - 1. Let u(m) = -d(m) - 3*s(m). What is u(4)?
-6
Let o(l) = -l**3 - 4*l**2 - l - 2. Suppose 5*c - 3*c + 6 = 0. What is o(c)?
-8
Let t(v) = -3*v**2 - 3*v + 3. Suppose -7*b - 6*b - 39 = 0. Determine t(b).
-15
Let d(g) = g**3 - 3*g**2 + 3*g + 5. Let y(k) = -2*k**3 - k**2 - k - 1. Let l(z) = d(z) + y(z). Determine l(-4).
-4
Let i(l) = 5*l**3 - 2*l**2 + 8*l + 2. Let u(q) = -6*q**3 + 2*q**2 - 9*q - 3. Let t(j) = 5*i(j) + 4*u(j). Let v be ((-4)/8)/(-1)*4. Give t(v).
6
Let g(l) = -l**3 - 6*l**2 + l + 1. Let h(a) = a + 5. Let d(t) = 1. Let b(s) = 4*d(s) - h(s). Let j be b(5). Calculate g(j).
-5
Suppose 0 = 4*f, 8 = -4*y + 4*f - f. Let a(c) = 5*c**2 + 2*c - 1. Calculate a(y).
15
Let c(o) = -o**3 + 10*o**2 - 8*o - 7. Let y(p) = -p**2 + p - 1. Let z(s) = c(s) + 2*y(s). Determine z(7).
-2
Let r(u) be the second derivative of -u**3/6 + 5*u**2/2 + 18*u. What is r(4)?
1
Let c(r) = -7*r**2 + 3*r. Let d be c(1). Let g(z) = -z**3 - 5*z**2 - 4*z - 6. Calculate g(d).
-6
Suppose n - 240 = -3*n. Suppose 0 = 5*g + 2*q + q - n, -51 = -4*g - 3*q. Let i(v) = 0 + 3*v - v